*s + 84. Let q(a) = 98*a - 20. Let i be q(r). Suppose -h = -3*d - 431, -d = -4*h + d + i. Is h a prime number?
False
Let z = -200 - -199. Is (-58568)/(-2)*(10/8 + z) composite?
False
Is 2637302/14 + 68/238 - 6 prime?
False
Let g = -28203 - -52436. Is g a prime number?
False
Let o = 19585 + -9483. Is o a composite number?
True
Let a(x) = 12*x + 4. Let g be a(0). Suppose 43*f - 42*f + g*r - 75 = 0, 4*f - 280 = 4*r. Is f composite?
False
Let r = 374 + -371. Let o(d) = -389*d + 26. Let t(u) = -194*u + 13. Let b(c) = -6*o(c) + 11*t(c). Is b(r) a prime number?
True
Suppose 394945 - 2243685 = -4*y + 2*u, 0 = u + 8. Is y a prime number?
True
Let y(f) = 5*f + 222. Let o be y(-44). Suppose 2*s = -4*x + 10602, -o*x + 3*x + 4*s = 2633. Is x composite?
True
Let m be (14/(-35))/(1/(-10) - 0). Suppose 3*a = -13 + m. Is 3/a*(2 + -483) a prime number?
False
Suppose u = 1651 - 114. Suppose 5*c = -5*i - 3310, 5*i = 2*c + u - 227. Let x = c - -2057. Is x a prime number?
False
Let a(c) = c**3 + 10*c**2 - 9*c + 13. Let d be a(-11). Is (2 + 12/d)/(8/75876) prime?
True
Suppose 0 = 3*f - 5*o - 268743, 3*o = -5*f + 2*o + 447961. Is f a prime number?
True
Let v(x) = -3*x - 16 - 5*x + x**2 + 0*x**2 + 0*x. Let k be v(10). Suppose -46 + 402 = k*s. Is s a composite number?
False
Suppose 107*b = 154*b - 21584609. Is b a composite number?
True
Suppose 3*w + 5*u = 644742, 9*w - 10*w + 2*u = -214925. Is w a composite number?
True
Let t(n) = -3*n**2 + 706 + 0*n**2 - 3*n + 4*n**2. Suppose -28*d = -2*d. Is t(d) prime?
False
Let r = 437 - 411. Suppose -r*m + 30*m = -2*g + 6418, 0 = 5*g + 4*m - 16027. Is g a composite number?
False
Suppose -100*f - 12479778 + 102848078 = 0. Is f a prime number?
False
Is ((-16)/4)/(2 + -3) - -165057 a prime number?
False
Let v = 298840 - 73754. Is v a composite number?
True
Suppose 0 = -3*y - 19*y - 7634. Let h = y + 430. Is h a composite number?
False
Let r(o) = 27*o**3 + 5*o**2 + 13*o - 5. Let j be r(7). Let u = 14453 - j. Is u prime?
True
Let k(u) = -35*u**2 - 9*u + 46. Let m(j) = j - 1. Let c(t) = -k(t) - 3*m(t). Is c(-8) prime?
False
Suppose -4*i - 4*f = -16, -i = f + 2*f - 10. Let s(t) be the third derivative of 5*t**4/12 + t**3/6 + 3*t**2 - 193. Is s(i) prime?
True
Suppose 28*c + 32*c = 9*c + 3079941. Is c a composite number?
True
Let w be -3*6/9 - 11. Let r(p) = p**3 + 11*p**2 - 3. Let k(y) = 2*y**2 - 2*y - 1. Let n(s) = 6*k(s) - r(s). Is n(w) prime?
False
Let o(b) be the second derivative of b**4/6 - b**3/6 - 3*b**2/2 + 9*b. Let c be o(-2). Is (-7)/c*(-159 + -2) composite?
True
Let p = -323412 + 809609. Is p prime?
False
Let n(p) = 6*p**3 + 2*p**2 - 6*p + 257. Is n(11) a composite number?
False
Let b be 7 + -12 - (-1 - -3 - 2179). Let h = b + -1009. Is h a prime number?
True
Is ((-387848)/(-4) - -8) + 13 a composite number?
True
Suppose 76*h = 90*h - 6660122. Suppose 36*t - h + 51967 = 0. Is t prime?
False
Let x = 35 - 43. Let v be (x/4 - -4)*-286. Let j = 919 + v. Is j composite?
False
Suppose -65*n + 378 = -23*n. Let s(h) = 7*h**2 + 4*h - 20. Let c(i) = -i**2 + i + 1. Let b(k) = 6*c(k) + s(k). Is b(n) prime?
True
Let a(k) be the second derivative of -25*k**4/6 + k**3/6 + 5*k**2 - 26*k. Let m(i) = 100*i**2 - i - 19. Let h(c) = 7*a(c) + 4*m(c). Is h(5) prime?
True
Let b(y) = -11*y**3 - y**2 + 5*y - 5. Let z be -1 + 25 + 1 + -2. Let d = -29 + z. Is b(d) prime?
False
Let v(g) = -g**2 + 3*g - 199. Let p(k) = 2*k**2 - 5*k + 399. Let i = 19 - 12. Let o(u) = i*v(u) + 4*p(u). Is o(0) a composite number?
True
Let f be (-8)/(-12) + (-2)/3. Let h be (-16)/152 - (-25937)/19. Suppose -8*k + h - 333 = f. Is k a prime number?
False
Is 147769/((-1 - 0)/(-1)) a composite number?
False
Let j(z) = 2*z**2 - 15*z - 47. Let n be j(-14). Suppose -2*u + 791 = -n. Is u a prime number?
True
Let b(c) = -5*c + 66*c**3 + 69 - 45*c**3 - 5*c**2 - c + 6*c - 19*c. Is b(8) a prime number?
False
Let q(b) = -22*b**3 - 23*b**2 - 62*b - 92. Is q(-19) composite?
True
Let j(g) = 40*g**3 + g**2 + 4*g - 1. Suppose 5*k = 6*k + 3*p + 3, k = p + 5. Let c be j(k). Let y = 3931 - c. Is y composite?
True
Let n be (125 - 124)/(1*2/32). Suppose -n*m + 138 + 7190 = 0. Is m a composite number?
True
Suppose 0 = 15*d - 660 - 5055. Suppose 0 = 16*l - 19*l + d. Is l prime?
True
Let l(p) = 151*p + 24 - 21*p + 106*p. Let r be l(9). Suppose 15*q - 3*q - r = 0. Is q a composite number?
False
Let v(c) = -c**2 + 24*c - 33. Let h be v(22). Let k(q) = 89*q**2 + 26*q - 234. Is k(h) composite?
True
Let u = -246 - -242. Is (104/(-156))/(u/205962) a prime number?
True
Suppose -4*l - l + q + 13499 = 0, 0 = l + 4*q - 2683. Let y = 4078 - l. Is y composite?
True
Suppose 207*x - 3430717 = 270*x - 20170006. Is x a composite number?
False
Let v(s) = -358*s**3 + 47*s**2 + 741*s - 17. Is v(-16) a prime number?
False
Let c(z) = z**3 - 3*z + 120. Let x be c(0). Suppose -116*u = -x*u + 58296. Suppose 0 = -2*j + u - 3112. Is j a prime number?
False
Let y(h) = 171*h**3 - 2*h**2 + 10*h - 24. Is y(7) a prime number?
True
Is 1/3 - 31686904/(-1329) prime?
False
Let c(u) = u**2 + 5*u + 96. Let d(l) = -l**2 - 4*l - 97. Let o(n) = -6*c(n) - 7*d(n). Is o(-22) a prime number?
True
Suppose 5*t + 6 = 6*t. Suppose t*p = 8*p + 4. Is (p - 1107/6)*(-2 + 0) composite?
False
Let t(o) = o**2 - 2*o + 3. Let n be t(3). Let m(v) = -v**2 + 51*v + 464. Let k be m(59). Is (n + -5 + -5)*958/k a prime number?
True
Let x(j) = -532*j + 16. Let w be x(6). Let a = 5241 + w. Suppose -4*v - v + a = 0. Is v prime?
False
Suppose 2*d + 2*x - 3678 = 0, 23*d - 19*d = -3*x + 7358. Let m(c) = c - 3. Let j be m(6). Suppose -7*f + d = j*v - 6*f, 2*v - 5*f = 1233. Is v prime?
False
Suppose -14*v - 1144 = 38*v. Is ((-13522)/(-7))/(v/(-77)) a composite number?
False
Let s(k) = -222*k + 1021. Is s(-40) a composite number?
False
Let x(d) = -252*d - 4. Let l be x(6). Let c be (-4)/(-18) + l/72*-50. Let k = c + -532. Is k a composite number?
False
Is (-10 - -11)/(1/152563) a prime number?
True
Let y = -1260450 + 2250017. Is y prime?
False
Let a = 8785 - 3539. Suppose 2*t = 2*b - a, -39*b = -38*b - 5*t - 2607. Is b a prime number?
False
Let y(w) be the third derivative of 57*w**4/8 - 50*w**3/3 + 9*w**2 - w. Is y(7) a prime number?
True
Suppose 5*m + 74 = 3*h, 2*h + 21 = 3*h + 2*m. Suppose 3*j - 3*n = 3, j + 4*j - h = -n. Suppose 4*f - 2*o = 2122, -2104 = -j*f - 7*o + 3*o. Is f a prime number?
False
Let u(j) = 28*j**2 + 22*j - 17. Let s be u(11). Let c = -570 + s. Is c composite?
True
Let n(x) = 738*x**2 - 14*x + 199. Is n(-21) composite?
False
Suppose 34*y - 3*s + 665699 = 39*y, 5*y - 665707 = s. Is y a prime number?
False
Let d = 47 + -14. Let l = -32 + d. Is l*998*(1 - (-5)/(-10)) a prime number?
True
Suppose -2*v = -2*q - 4 - 6, -q + 5 = 0. Suppose 5*h + 9*t - v*t = 3153, -5*h + 3145 = -5*t. Is h composite?
False
Let p(k) = -116*k**2 + 69 - 3*k**3 + 6*k - 1 - 11 + 15*k + 99*k**2. Is p(-14) prime?
True
Let z = 13954 + -5976. Suppose 6*p + z = 40534. Is p a composite number?
True
Let o(n) = -2*n**3 + 8*n**2 - 13*n - 14. Let f be o(-13). Let j = f - 3802. Is j a composite number?
False
Let r = -65905 + 93672. Is r composite?
False
Suppose 24*h - 28*h + 87854 = 2*m, 5 = m. Is h prime?
True
Let p = 1131 + 12638. Let o = p + -9328. Is o prime?
True
Is 16/(-200) + 10 + (-6475293)/(-225) prime?
True
Let i(f) = -f**3 + 8*f**2 - 12*f - 4. Let g be i(6). Let a be 5*g/(-40)*28. Is 6234/a + (-4)/14 a prime number?
False
Suppose 16911630 = 66*n + 529044. Is n a prime number?
False
Suppose 2878721 = 76*b + 108310 - 1228785. Is b composite?
True
Suppose -17*o - 178254 = -23*o. Suppose 2*w - 4*c - 48058 = 0, -w = 2*c + 5676 - o. Is w a prime number?
False
Let i(p) = -208*p - 112. Let y be i(-7). Suppose q = 503 + y. Is q composite?
False
Let g = -159 - -163. Suppose -g*w + 122 = 5*q - 15, 4*q + 29 = w. Is w a prime number?
False
Let z be 2 - (2 + -3)*-69. Let w = -147 + 297. Let a = w + z. Is a prime?
True
Suppose 5*x + 5*m = 8*m + 6192, -4954 = -4*x + 2*m. Let s = x + 2795. Is s composite?
True
Let o(p) = p**3 + 4*p**2 - 5*p + 14. Let z be o(-5). Suppose -20*t + 66 = -z*t. Suppose t*i - 1397 = -0*i. Is i composite?
False
Is ((-30)/4)/(-15)*88318 a prime number?
True
Let c(w) be the second derivative of -w**4/12 + 13*w**3/6 + 3*w**2/2 + 4*w. Let i be c(12). Suppose 0 = -11*q +